12, what is 3a - -5?
43
In base 9, what is 0 + -114?
-114
In base 15, what is 4 - 12b?
-127
In base 11, what is -9 - 6?
-14
In base 4, what is -2 + -1213?
-1221
In base 7, what is 513 + 31?
544
In base 2, what is 101111 - -110?
110101
In base 16, what is -103 + -9?
-10c
In base 10, what is 1 + 815?
816
In base 12, what is 1 + -59?
-58
In base 2, what is 0 - -1001000?
1001000
In base 9, what is -1018 + -5?
-1024
In base 10, what is -4676 - -3?
-4673
In base 6, what is 421 - 2?
415
In base 10, what is -176 + -4?
-180
In base 4, what is -10 - -113313?
113303
In base 10, what is 43 + 1?
44
In base 13, what is 3b - 31?
a
In base 4, what is -2030 + 1?
-2023
In base 16, what is 5 + 5d?
62
In base 9, what is 868 + 21?
1000
In base 15, what is 3 - -a1?
a4
In base 8, what is 34 + -2?
32
In base 8, what is -131 - 22?
-153
In base 7, what is -22504 + 0?
-22504
In base 4, what is -20 + 1?
-13
In base 3, what is -21 - 1000011?
-1000102
In base 15, what is 17 - -1b?
33
In base 2, what is 1000 - -101?
1101
In base 7, what is -3555 - 1?
-3556
In base 10, what is -5 - 0?
-5
In base 13, what is 5 - 29?
-24
In base 5, what is 22002 + 2?
22004
In base 6, what is 24 - -45?
113
In base 15, what is -2a - -5?
-25
In base 15, what is -3 - -49?
46
In base 15, what is -7 - b93?
-b9a
In base 9, what is 8 - 5?
3
In base 5, what is -4 - -10443?
10434
In base 14, what is -c + -d4?
-102
In base 13, what is 76 - 3?
73
In base 4, what is 1021 + -13?
1002
In base 11, what is 1 - 283?
-282
In base 2, what is 11 - -111111101101?
111111110000
In base 3, what is 10101021 - 1?
10101020
In base 5, what is -4 - 144?
-203
In base 16, what is -4 + 31?
2d
In base 5, what is -24 + -2321?
-2400
In base 3, what is 2212112 - -12?
2212201
In base 3, what is 0 + 11101220?
11101220
In base 5, what is 11112 - 3?
11104
In base 3, what is 101 + 112220?
120021
In base 14, what is 8 - -359?
363
In base 14, what is -2 + 190?
18c
In base 13, what is 1119 - 6?
1113
In base 8, what is -20 - -3?
-15
In base 4, what is 2030 - -111?
2201
In base 16, what is -1235 - -2?
-1233
In base 11, what is -2 + -363?
-365
In base 14, what is 2 - 3?
-1
In base 16, what is -18 - 3?
-1b
In base 10, what is -7 - -319?
312
In base 13, what is 28 + 146?
171
In base 2, what is -10100110 - 100011?
-11001001
In base 5, what is 3 - 102?
-44
In base 13, what is 2 - -7c3?
7c5
In base 9, what is -1 + -105?
-106
In base 3, what is 10 - -11?
21
In base 12, what is -2 + 1932?
1930
In base 13, what is -8 + 4c7?
4bc
In base 15, what is -3 - -21da?
21d7
In base 15, what is 0 - b1b?
-b1b
In base 4, what is -331 - -2101?
1110
In base 7, what is 3 + 324?
330
In base 14, what is 0 + ca5?
ca5
In base 2, what is 1111010 - 110?
1110100
In base 8, what is -155 + 2?
-153
In base 3, what is -1001 - 21?
-1022
In base 8, what is -4 - 25?
-31
In base 15, what is 1d3c + 5?
1d42
In base 11, what is 743 - -2?
745
In base 3, what is 212 + 20?
1002
In base 13, what is 21 - 7?
17
In base 4, what is 3 + 32323?
32332
In base 11, what is -34a - -17?
-333
In base 10, what is 48 + -2?
46
In base 6, what is -2 + 12?
10
In base 10, what is 20 + -3?
17
In base 8, what is -40 + 30?
-10
In base 12, what is 1a96 + -2?
1a94
In base 11, what is 33 - -6?
39
In base 2, what is -10010000001011 + -10?
-10010000001101
In base 4, what is -231 - -11?
-220
In base 5, what is -44 + -2221?
-2320
In base 12, what is 34 - 19?
17
In base 12, what is 32 + -16?
18
In base 4, what is -3 + -332?
-1001
In base 10, what is 5 + 114?
119
In base 15, what is 21 + 119?
13a
In base 5, what is 40 + 122?
212
In base 13, what is -466 + -b?
-474
In base 15, what is -6 - -661?
65a
In base 12, what is -2 + -569?
-56b
In base 14, what is 1 - cd?
-cc
In base 6, what is 131 - -1352?
1523
In base 7, what is -232 + 1?
-231
In base 13, what is 11 - 13?
-2
In base 6, what is -3104 + 12?
-3052
In base 2, what is 1 - -100000010?
100000011
In base 8, what is -20216 - -1?
-20215
In base 8, what is 1567 + -1?
1566
In base 3, what is -121 + 201200?
201002
In base 2, what is 11 - -10?
101
In base 14, what is a - 32?
-26
In base 4, what is -22220 - -1?
-22213
In base 3, what is -101010211 + 11?
-101010200
In base 10, what is 117 - 4?
113
In base 11, what is -4288 - -4?
-4284
In base 12, what is 1316 + -5?
1311
In base 3, what is 12 + 100?
112
In base 4, what is -103113 + 22?
-103031
In base 7, what is 12121 + -3?
12115
In base 3, what is -210201 - -21?
-210110
In base 5, what is 10 - 134?
-124
In base 2, what is 10 - -10111111?
11000001
In base 5, what is -1423 - 4?
-1432
In base 7, what is 35 - -30?
65
In base 8, what is 0 + -65?
-65
In base 3, what is 12 - -2010?
2022
In base 11, what is -5 + 322?
318
In base 14, what is -4 - -28a?
286
In base 15, what is -7 - 35?
-3c
In base 16, what is d + -21?
-14
In base 7, what is 3211 - -3?
3214
In base 15, what is 1 - 18?
-17
In base 7, what is 34 - -50?
114
In base 11, what is -5 - -2?
-3
In base 6, what is -20 - 214?
-234
In base 16, what is 88 - 6?
82
In base 16, what is 53 - -10?
63
In base 14, what is -4 + 58?
54
In base 16, what is -47 + -29?
-70
In base 11, what is -1 + 6?
5
In base 2, what is -101 - -1010100111?
1010100010
In base 10, what is 4 + 173?
177
In base 10, what is 4 + -7?
-3
In base 6, what is -253 + 1?
-252
In base 10, what is 174 - -1?
175
In base 13, what is -8c - -cc?
40
In base 8, what is -17 + -5?
-24
In base 13, what is -26b8 - -4?
-26b4
In base 4, what is 3 + 332?
1001
In base 7, what is -101 + 133?
32
In base 12, what is -5 - 1a6?
-1ab
In base 2, what is 110011100000100 - 11?
110011100000001
In base 7, what is -115 + 3?
-112
In base 9, what is -870 - 1?
-871
In base 5, what is -2023 + -2?
-2030
In base 6, what is -15 - 115?
-134
In base 6, what is 3 - -3221?
3224
In base 16, what is -5 - -ae8?
ae3
In base 4, what is -3001123 - 1?
-3001130
In base 6, what is -310 + 2?
-304
In base 10, what is -940 - 2?
-942
In base 10, what is 2 + -9?
-7
In base 14, what is 5 - -19?
20
In base 15, what is 27 + 2?
29
In base 11, what is -1 + -a4?
-a5
In base 15, what is -3 - -38?
35
In base 8, what is 1 + -1?
0
In base 9, what is -3 - 52?
-55
In base 9, what is 11 - -267?
278
In base 14, what is 2 + 9d?
a1
In base 5, what is -13 + -22402?
-22420
In base 16, what is 5 + 3?
8
In base 13, what is 3 - 1b?
-18
In base 9, what is -12 - -712?
700
In base 7, what is -4 - 1464?
-1501
In base 11, what is 1 - -485?
486
In base 15, what is -14 - -d9?
c5
In base 5, what is -10 - 111430?
-111440
In base 13, what is -4 + -25?
-29
In base 9, what is -54502 - -3?
-54488
In base 8, what is -11 + -75?
-106
In base 13, what is 208 - -1?
209
In base 12, what is -3 - 117?
-11a
In base 6, what is 23 - -30?
53
In base 12, what is 0 + -1b31?
-1b31
In base 11, what is -86 - -4?
-82
In base 13, what is -17 - -6?
-11
In base 8, what is 12 + -3?
7
In base 13, what is 2 - 23?
-21
In base 8, what is 10 + 7?
17
In base 12, what is 110 + 36?
146
In base 16, what is -b - 6?
-11
In base 12, what is -7 + -78?
-83
In base 16, what is c - 1e6?
-1da
In base 13, what is -7 + -41?
-48
In base 13, what is 19 + -12?
7
In base 9, what is -131 + -2?
-133
In base 14, what is 0 - -9d?
9d
In base 9, what is -3 + 0?
-3
In base 11, what is -4063 + 2?
-4061
In base 12, what is 31b - -9?
328
In base 4, what is -130102 + 0?
-130102
In base 16, what is 69 - 3?
66
In base 5, what is -14 + -31342?
-31411
In base 7, what is -3425 + 3?
-3422
In base 3, what is -2002 + -221?
-10000
In base 2, what is -10 - 110100001?
-110100011
In base 16, what is -3 + -24e?
-251
In base 5, what is 1121 + -4?
1112
In base 10, what is -407 - 3?
-410
In base 2, what is 10001 + -111100110?
-111010101
In base 5, what is 0 - -21?
21
In base 4, what is 3 - 311231?
-311222
In base 3, what is -20 - 1120?
-1210
In base 14, what is -b39 + 2?
-b37
In base 16, what is 2 + 6c?
6e
In base 7, what is 250 - 1?
246
In base 15, what is -7a + 9b?
21
In base 7, what is -3 - 21?
-24
In base 4, what is -10312 + -1?
-10313
In base 15, what is 10 - -289?
299
In base 10, what is 153 + 3?
156
In base 4, what is 1101 + -11?
1030
In base 6, what is 4 + 44?
52
In base 9, what is -5 + -408?
-414
In base 13, what is -1183 + -1?
-1184
In base 13, what is -7 - -105?
cb
In base 2, what is -10 + 11011000?
11010110
In base 4, what is -313 - 33?
-1012
In base 3, what 